
In base 4, what is -110033 + -2?
-110101
In base 3, what is -110 + -2011110?
-2011220
In base 10, what is 3 + 77?
80
In base 6, what is -1 + 4052?
4051
In base 15, what is b1 + 77?
138
In base 13, what is 7 + -56?
-4c
In base 7, what is -6 - -254?
245
In base 14, what is -269 - -a?
-25d
In base 11, what is -34 + 1?
-33
In base 7, what is -22 - 50?
-102
In base 13, what is -13b - 1?
-13c
In base 4, what is 21 + -201111?
-201030
In base 7, what is -2 + -66?
-101
In base 3, what is 11 + -2211221?
-2211210
In base 6, what is -43 - 125?
-212
In base 6, what is -23 + 120?
53
In base 16, what is 1631 + -5?
162c
In base 7, what is 4 - -26?
33
In base 11, what is -4 - -55?
51
In base 11, what is -a72 - -4?
-a69
In base 13, what is 4 + 28c?
293
In base 6, what is 0 - 2434?
-2434
In base 4, what is 103 - -32?
201
In base 8, what is 16 + 25?
43
In base 11, what is -2 + -84?
-86
In base 2, what is -11000 + -100?
-11100
In base 6, what is 352 - 13?
335
In base 7, what is -23 - 116?
-142
In base 2, what is -10011 + -11100?
-101111
In base 6, what is 143 + -2?
141
In base 12, what is -5455 + 4?
-5451
In base 14, what is -74 - -a?
-68
In base 11, what is 4 + -79?
-75
In base 15, what is -5 + 26b?
266
In base 11, what is 771 - 2?
76a
In base 11, what is -23 + 14?
-a
In base 13, what is -5 + 1?
-4
In base 16, what is dc4 - 4?
dc0
In base 11, what is 512 + -3?
50a
In base 3, what is -12 + -10200?
-10212
In base 2, what is -10101 + -111010011?
-111101000
In base 4, what is 3110311 + -1?
3110310
In base 3, what is 21 + 11122?
11220
In base 16, what is 4 - 33?
-2f
In base 15, what is -29 + 7b?
52
In base 13, what is 5 - -56?
5b
In base 11, what is -3 - 40?
-43
In base 6, what is 10 + -2453?
-2443
In base 7, what is 125 - -50?
205
In base 11, what is 3 - -24?
27
In base 7, what is -253 + 54?
-166
In base 2, what is -10000 - -10?
-1110
In base 12, what is 357 - -4?
35b
In base 7, what is 1214 - -4?
1221
In base 9, what is 2524 - 1?
2523
In base 12, what is 6902 + 4?
6906
In base 9, what is 574 - 0?
574
In base 2, what is 101110 + -11111110?
-11010000
In base 14, what is -a9 + 2?
-a7
In base 7, what is 20 - -54?
104
In base 9, what is 4682 - 5?
4676
In base 13, what is 15a4 + -5?
159c
In base 13, what is 1c - -69?
88
In base 11, what is 966 + 1?
967
In base 14, what is -21b + -5?
-222
In base 5, what is 13 - 111?
-43
In base 10, what is 253 + 5?
258
In base 4, what is -11 + 1211?
1200
In base 8, what is 1 + 731?
732
In base 11, what is 64 + 10?
74
In base 11, what is -15 + -10a?
-124
In base 5, what is -414 - 10?
-424
In base 13, what is 6 + -379?
-373
In base 11, what is 36 + -5?
31
In base 9, what is -4 - -71?
66
In base 13, what is -136b + 5?
-1366
In base 2, what is 11010111 + 111?
11011110
In base 11, what is -63 + 80?
18
In base 8, what is -152 + 2?
-150
In base 16, what is -17 - -5a?
43
In base 14, what is -41 - -3?
-3c
In base 3, what is -111 - 1000200?
-1001011
In base 3, what is 1211 - -10101?
12012
In base 13, what is 21 + -103?
-b2
In base 10, what is -8 - -21?
13
In base 14, what is -1 + 13a?
139
In base 14, what is -34 + 233?
1dd
In base 4, what is 2 + 1231?
1233
In base 7, what is -2 + 154?
152
In base 9, what is 62 + -33?
28
In base 11, what is 0 - -140?
140
In base 8, what is 4505 + -2?
4503
In base 10, what is 5 + 422?
427
In base 6, what is -12 + -535?
-551
In base 10, what is -176 - 1?
-177
In base 15, what is -4 - 72c?
-731
In base 2, what is -110100 - -11000000?
10001100
In base 7, what is -13 - 15?
-31
In base 6, what is -4002 + -5?
-4011
In base 5, what is -212 + -12?
-224
In base 3, what is -210 - 2101?
-10011
In base 12, what is -191 - 29?
-1ba
In base 15, what is -5 - -47d?
478
In base 12, what is -5 - -a0?
97
In base 12, what is -111 + -41?
-152
In base 2, what is 11000010 + -1?
11000001
In base 14, what is -57 + 0?
-57
In base 9, what is -5 - -11476?
11471
In base 11, what is -283 - -4?
-27a
In base 2, what is -10100110 - 11?
-10101001
In base 3, what is -20 - -221?
201
In base 16, what is -b + -1ca?
-1d5
In base 12, what is 18b + -41?
14a
In base 5, what is -11243 - -4?
-11234
In base 14, what is -3 + 27?
24
In base 15, what is 4 - -a?
e
In base 5, what is 313 - 102?
211
In base 10, what is 0 + 193?
193
In base 15, what is -50b + 5?
-506
In base 10, what is -5 - -372?
367
In base 11, what is 5 - 391?
-387
In base 8, what is -3 - 2160?
-2163
In base 9, what is 0 - 63?
-63
In base 15, what is 1 + -20?
-1e
In base 2, what is -111 - 1101?
-10100
In base 10, what is -3538 - -7?
-3531
In base 12, what is 39 - -1?
3a
In base 4, what is -13 + 10121?
10102
In base 16, what is -849 + 5?
-844
In base 15, what is -8 + d3?
ca
In base 6, what is -2 - -10021?
10015
In base 7, what is -2 - 10?
-12
In base 16, what is 19 + -6?
13
In base 8, what is 14 - 120?
-104
In base 10, what is -173 - -2?
-171
In base 16, what is -1 - 2c7?
-2c8
In base 4, what is -20 - 121?
-201
In base 6, what is 115 + -102?
13
In base 2, what is -11 + -1000000010?
-1000000101
In base 11, what is 140 - 154?
-14
In base 6, what is 5 - 5131?
-5122
In base 9, what is -8 + -47?
-56
In base 12, what is 3 + a2?
a5
In base 7, what is 4 + -1300?
-1263
In base 8, what is -14 - 721?
-735
In base 15, what is 10b + -7?
104
In base 15, what is 4 + -2a1?
-29c
In base 11, what is 49 - 1a?
2a
In base 8, what is -67200 + -4?
-67204
In base 8, what is 122 + -1?
121
In base 12, what is -7 + 26?
1b
In base 4, what is 1030303 + 1?
1030310
In base 7, what is -10004 + 3?
-10001
In base 15, what is -1b + 45?
29
In base 6, what is -134 - -55?
-35
In base 7, what is 5 - 6?
-1
In base 10, what is -175 + -32?
-207
In base 6, what is -134 - -4?
-130
In base 13, what is 2 - -308?
30a
In base 8, what is 305 - 4?
301
In base 7, what is -10 - -1?
-6
In base 6, what is -1 - 211?
-212
In base 6, what is 1 + -1501?
-1500
In base 8, what is -13556 + -1?
-13557
In base 10, what is 4 - 3179?
-3175
In base 7, what is -1 - -151?
150
In base 11, what is -1 + -1?
-2
In base 14, what is 510 - 0?
510
In base 4, what is 10033 - 20?
10013
In base 5, what is -100 + 2?
-43
In base 4, what is 101 + 111?
212
In base 13, what is -23c2 - 4?
-23c6
In base 13, what is -c7 - 5?
-cc
In base 8, what is -4 + 106?
102
In base 7, what is 10 - 24?
-14
In base 5, what is 23 - 2?
21
In base 5, what is -1 + 113?
112
In base 13, what is 16 - -63c?
655
In base 7, what is 260 - 4?
253
In base 12, what is -13 + 8?
-7
In base 14, what is -4a17 - -4?
-4a13
In base 10, what is -44 + -12?
-56
In base 3, what is -1121 - 11211?
-20102
In base 12, what is -78 - 8?
-84
In base 11, what is 5 - -111?
116
In base 10, what is 8 + 240?
248
In base 9, what is -6 - -2344?
2337
In base 3, what is 2122211 + 1?
2122212
In base 9, what is -2 + -181?
-183
In base 7, what is 20156 + 1?
20160
In base 4, what is 31 + 1211?
1302
In base 8, what is 456 - 11?
445
In base 16, what is 1 + -11?
-10
In base 3, what is -12 + -11222?
-12011
In base 3, what is -12 - -21012201?
21012112
In base 6, what is -154 - 12?
-210
In base 16, what is -1f - -4?
-1b
In base 13, what is -88 + 2?
-86
In base 15, what is -1 + -3a4?
-3a5
In base 14, what is -77 - 1?
-78
In base 4, what is -23002 + -11?
-23013
In base 4, what is -130 - 121?
-311
In base 3, what is -2200 + -120?
-10020
In base 14, what is -4 + -3?
-7
In base 15, what is -38 - 5?
-3d
In base 6, what is -23 - 25?
-52
In base 7, what is 1 - 1044?
-1043
In base 13, what is -2 - -44c?
44a
In base 5, what is -20 - 10?
-30
In base 12, what is -115 + 4?
-111
In base 15, what is 6 + -b2?
-ab
In base 14, what is -1 + 47?
46
In base 15, what is 1 - -2e6?
2e7
In base 16, what is -3 + -61?
-64
In base 11, what is -3 + -3119?
-3121
In base 16, what is 6 + -1?
5
In base 7, what is -15031 - 5?
-15036
In base 11, what is 56 - -2?
58
In base 10, what is 1 + 720?
721
In base 10, what is 139 - -23?
162
In base 5, what is -14232 - 0?
-14232
In base 8, what is 12 + 366?
400
In base 11, what is 8 - 47?
-3a
In base 2, what is -10011001 - -11110?
-1111011
In base 16, what is 3 + -f7?
-f4
In base 10, what is 5529 + 3?
5532
In base 16, what is -5 - -4bb?
4b6
In base 13, what is -1 + 59?
58
In base 15, what is -26 + 2?
-24
In base 11, what is -2 + 108a?
1088
In base 15, what is 5 - 237?
-232
In base 9, what is -5 - -71?
65
In base 7, what is -216 - -23?
-16